 List the prime factors of i(h).
3
Let w(r) = -r**3 - 22*r**2 + 23*r + 33. What are the prime factors of w(-23)?
3, 11
Suppose 0 = -4*f + 4*l + 28, -l = -5*f + l + 26. Suppose 2*p - 22 = -f. List the prime factors of p.
3
Let g(o) = o**2 + o + 3. Let q be g(-3). Suppose -18 = -3*u + 30. Let p = u - q. What are the prime factors of p?
7
Let f(c) = 7*c**2 - c + 1. Let r(q) = q**3 - 8*q**2 - 10*q + 10. Let y = -22 - -31. Let j be r(y). List the prime factors of f(j).
7
Let y be (21/(-9) - -2)*-3. Suppose 0 = i - y - 0, -h = 5*i - 9. Suppose -a = 5*u + h*a - 110, -2*a = 4*u - 84. List the prime factors of u.
2, 5
Let t(j) = j**2 - 9*j - 6. Let u be 3/6 - (-57)/6. What are the prime factors of t(u)?
2
Let y = 17 - 15. What are the prime factors of 1155/(-22)*y/(-3)?
5, 7
Let c = 6 - -21. List the prime factors of c.
3
Let z be (-350)/(-6) + (-2)/6. Suppose 6*t - 2*t = -16, 4*t = 3*m - z. What are the prime factors of m?
2, 7
What are the prime factors of 2*55/2*(-22)/(-5)?
2, 11
Suppose 0*g - 7*g + 1435 = 0. What are the prime factors of g?
5, 41
List the prime factors of 3585/90 + 2/12.
2, 5
Suppose -2*f + 158 = 3*y, -4*y + 0*f = -3*f - 222. List the prime factors of y.
2, 3
Let s = -3 + 2. List the prime factors of s + 4 + 4*1.
7
Suppose 5*p = p + 2*k - 18, -4*k - 12 = 4*p. Let s = 18 + p. Let w = 21 - s. List the prime factors of w.
7
Let k(h) be the third derivative of -h**5/60 + 35*h**3/6 + 3*h**2. What are the prime factors of k(0)?
5, 7
Let w(i) = i**2 - 8*i + 7. Let p be w(7). Suppose -4*x = p, -x - 60 = -5*l - 6*x. List the prime factors of l.
2, 3
Let j = -4 + 7. Let z be j/(-2 - (-7)/2). Suppose a = -3*g + 14, z*g + 5*a = -2 - 6. List the prime factors of g.
2, 3
Let h be (-2)/3*555/(-10). Let b = -15 + h. What are the prime factors of b?
2, 11
Suppose 3*m - 4*j - 108 = 146, 4*m - 4*j = 344. What are the prime factors of m?
2, 3, 5
Let z(i) be the third derivative of -i**6/120 + i**5/20 + i**4/8 + 3*i**2. List the prime factors of z(3).
3
Suppose -o = -2*o + 13. List the prime factors of o.
13
Let a(j) be the second derivative of j**3/6 - 2*j**2 + 4*j. Let p be a(0). List the prime factors of 12/((-10)/p - 1).
2
Let m be 0 - 0 - 20/(-2). What are the prime factors of (-5)/m + 11/2?
5
Suppose -12 = -2*n - 2*n, 0 = -3*i - 3*n + 357. List the prime factors of i.
2, 29
Suppose 5*y - q = -0*y + 47, 2*q = 3*y - 31. What are the prime factors of y?
3
Suppose -4*h + 15 = -1, -w = -h - 18. What are the prime factors of w?
2, 11
Suppose 170 = 8*u - 46. List the prime factors of u.
3
Let g be 3/(-9) + 3/9. Suppose -4*c - 16 = 0, 2*f - 50 = -g*f + 3*c. List the prime factors of f.
19
Suppose 4*i = -i + 35. Suppose -i*l = -9*l + 16. What are the prime factors of l?
2
Let w(d) = d**3 - 7*d**2 - 11*d + 8. Let g be w(8). Let l be 3 + -5 - g - 0. Suppose l + 22 = 2*h. What are the prime factors of h?
2, 3
Suppose -b - 3*b + 16 = 0. Suppose 2*q = b*l - 8, -4*l = -3*q - q. Let x = q + 1. What are the prime factors of x?
5
Let s(c) = -c**3 + 14*c - 7. Let u(f) = f**3 + f**2 - 15*f + 8. Let h(z) = 6*s(z) + 5*u(z). List the prime factors of h(6).
2
Let m(u) = u**3 - 9*u**2 + 11*u - 10. Let d be m(8). Suppose 4*t + d - 62 = 0. Suppose 2*b = 3*p - t, -4*p + 15 = -p - 3*b. What are the prime factors of p?
2
Let p(f) = 9*f**2 + 1. Let q be p(-1). Let v = q - 7. List the prime factors of v.
3
Let u(z) = z**2 - 5*z + 5. Let r be u(5). Suppose -4*v + r*c - c = -32, 3*c = 5*v - 38. What are the prime factors of v?
7
Suppose -6*x + 2*x = 8. Let i be 8 + 3/(-3) + x. Let u = i - 2. What are the prime factors of u?
3
Let k be (4/2)/((-1)/1). Let o = 2 - k. What are the prime factors of (-79)/(-4) + 1/o?
2, 5
Let n = 7 + -14. Let i = n - -15. List the prime factors of i.
2
Suppose 0 = 3*w + 2*d - 1134, -3*w = 5*d - 228 - 915. Suppose 0 = -4*o - 76 + w. Suppose 2*y = 5*n - 3, 4*y + 4*n = -y + o. What are the prime factors of y?
11
Let x(w) = -2*w**2 - 13*w + 2. Let f be x(-7). Let a(n) = -3*n. List the prime factors of a(f).
3, 5
Suppose 2*p + 8 = -0*p. List the prime factors of (-5 + 2 - p) + 14.
3, 5
Let z be 12/(-66) - 2/(-11). What are the prime factors of z - (-5 - -4 - 44)?
3, 5
Suppose 4*p - 68 = -8. Suppose 4*x - 21 = p. List the prime factors of x.
3
Let j(b) = 6*b**3 - 2*b**2 + 2*b - 1. Let h(t) = -t**2 + 8*t + 2. Let v be h(8). List the prime factors of j(v).
43
Let g = -8 + 7. Let u(b) = 17*b**2 - 2*b - 1. List the prime factors of u(g).
2, 3
Suppose 2*x - 3*w = -2*w - 6, 3*x - 1 = -w. List the prime factors of 210/24 - x/4.
3
Suppose 95 = 2*g - a - 4*a, 2*a = -2*g + 130. What are the prime factors of g?
2, 3, 5
Suppose 4*b = -2*y + 3*y - 24, -5*y + 3*b + 35 = 0. Suppose 3*a - 2*r + r - 75 = 0, -y*r = 2*a - 50. List the prime factors of a.
5
Suppose 19 - 7 = -4*s. What are the prime factors of (12 + (s - -3))/2?
2, 3
Let d be 464/12 + (-3)/(-9). Let v = 56 - d. List the prime factors of v.
17
Let p(v) = -v**3 - 11*v**2 - 13*v - 13. What are the prime factors of p(-11)?
2, 5, 13
Suppose 41 = 4*n + 117. Let q = n + 33. List the prime factors of q.
2, 7
Let f = 131 + -68. List the prime factors of f.
3, 7
Let m(g) = -2*g - 7. Let r(k) = 5*k + 15. Let w(v) = 9*m(v) + 4*r(v). Let n be w(5). Let c = n - 0. List the prime factors of c.
7
Suppose -3*p - 2*p = 4*d - 815, -2*d = 2*p - 408. What are the prime factors of d?
5, 41
Let c(q) = q**3 - 9*q**2 + 11*q - 8. Let d be c(8). Let j be 2/8 - 116/d. Let l(f) = f**2 + 5*f - 8. What are the prime factors of l(j)?
2, 3
Suppose 0 = -2*y - 2*z - z + 96, -5*z + 10 = 0. What are the prime factors of y?
3, 5
Let c(f) = -f - 10. Let l be c(-12). Suppose 0 = -2*d - l, 3*d = -4*i - d + 148. What are the prime factors of i?
2, 19
Let h(m) = m**2 + 3*m - 10. List the prime factors of h(-11).
2, 3, 13
Let r(x) = 2*x**2 + 8*x + 4. Let u(d) = -d**3 + 5*d**2 + 4*d + 6. Let b be u(6). Let j be r(b). Let g = j - 18. List the prime factors of g.
2, 5
Let m = -5 - -9. Suppose -m*r + 20 = r. List the prime factors of r.
2
Suppose v = -5*x + 13, 0*v - v = 3*x - 9. Let s be v/((-6)/(-2)) + 4. Suppose -2*c = s*n - 18, 0*c + c = 2*n + 9. List the prime factors of c.
3
Let c be (3/6)/(1/14). Suppose 0 = 5*z - c*z + 28. List the prime factors of z.
2, 7
Suppose -4 = -2*o, 5*c - 9*c = -2*o - 1272. List the prime factors of c.
11, 29
What are the prime factors of (47 - (-14)/(-2)) + (-2)/(-1)?
2, 3, 7
Suppose 7*s + 223 = 1357. What are the prime factors of s?
2, 3
Let l(c) = c - 8. Let s be l(5). Let m be (-14)/(-4) - s/6. Let q = 5 + m. List the prime factors of q.
3
Let f(h) = 116*h. Let u(g) = -29*g. Let k(i) = -2*f(i) - 9*u(i). Let d be k(1). Let x = d - 17. List the prime factors of x.
2, 3
Let m(f) = -f - 4. Let a be m(-3). What are the prime factors of ((-3)/6)/a*14?
7
Suppose 0 = 2*m - 33 - 19. What are the prime factors of m?
2, 13
Let h = 2 + 0. Let w be (-8)/h*3/(-3). Let c = -1 + w. What are the prime factors of c?
3
Let g = 32 + -16. What are the prime factors of (-7)/(-4) - (-4)/g?
2
Suppose 2 = u + 4*s, -2*u + 0*s = -2*s + 46. Let y = 39 + u. What are the prime factors of y?
3, 7
Let h(b) = 24*b**2 + 2*b - 2. What are the prime factors of h(-2)?
2, 3, 5
Let c be 2 - (0 + 4/(-2)). Suppose 4*u = -n + 22, 3*u + 10 = c*n - 2. What are the prime factors of n?
2, 3
Let t(n) be the first derivative of -n**2/2 - 2*n - 1. Suppose -9 = 5*r - 4*g, 5*r + 2*g + 17 = 4*g. List the prime factors of t(r).
3
Let y = 71 + -48. What are the prime factors of y?
23
Let x(t) = -12*t + 2. Let w be x(-2). Suppose -3*s - 3*q - 5 = -w, 0 = q + 4. List the prime factors of s.
11
Suppose 13 - 2 = f. Let t = 8 + f. What are the prime factors of t?
19
Let n be ((-6)/(-9))/((-6)/(-27)). Suppose -5*x = -5*c, -3*x - n*c + 18 = -6. List the prime factors of x.
2
Suppose 2*c = 4*s - 20, 5*s + 0*s - 3*c = 26. Suppose 0 = 4*k - 0*o + o - 3, -3*o = s*k + 7. What are the prime factors of k?
2
List the prime factors of 89 - ((-2)/3)/((-14)/21).
2, 11
Let w be 1/2 + 3/2. Suppose 0 = 4*y + 8, -w*s - 4 = -4*y - 0. List the prime factors of ((-4)/2)/(4/s).
3
Let x be (20/15)/((-4)/(-6)). Suppose -9 = -x*y - y. Suppose h + 5*i + 35 = 3*h, -y*i - 9 = 0. What are the prime factors of h?
2, 5
Let r = -3 + 7. Suppose z = -r*z + 160. Let i = -16 + z. What are the prime factors o